ive of z**5/30 - z**4/3 + 5*z**3/6 - 3*z**2. Is p(5) composite?
True
Suppose 212 = -q + 2*w + 52, -3*w = -2*q - 322. Let m = q + 253. Is m composite?
False
Let w = 38 - -190. Let y = -2 - -2. Suppose 4*x = -y*x + w. Is x composite?
True
Suppose 6*j = 4*j - 4. Let f(k) = 17*k**2 - k - 1. Is f(j) composite?
True
Let o(d) = -84*d - 1. Is o(-4) composite?
True
Suppose 3*o + 295 = 2*y, 11 - 760 = -5*y - 4*o. Is y composite?
False
Let r(w) = -w**3 + 5*w**2 + 7*w - 1. Let c be r(6). Suppose -5*v + 3 + 3 = -h, -2*h = 3*v - 14. Suppose -2*k - 137 = -c*k + 5*d, 92 = v*k - 3*d. Is k composite?
True
Let y(h) = -h**2 + 33*h - 75. Is y(27) composite?
True
Let u be -3 - (1 - (8 + 2)). Suppose -u*v = -v - 265. Is v a prime number?
True
Let w(q) = 51*q**2 - 5*q + 9. Is w(5) a prime number?
True
Suppose -s + 1 = -z, 2*s = 5*z - 0*z - 4. Let w = 12 - z. Is w composite?
True
Suppose 9 = 3*z + 3. Suppose -5*j + 5*p + 83 = -57, z*j + p = 71. Is j a composite number?
True
Let r be 30/(-9)*(-3)/(-2). Let h(j) = -3*j - 4. Let p(k) = 1. Let o(n) = h(n) + 3*p(n). Is o(r) composite?
True
Suppose 17 = -2*f - p, 0*f + 9 = f - 3*p. Is (f/4 - -1)*-98 a composite number?
True
Suppose 0 = 4*q - v - 11670, v = -5*q - 0*v + 14583. Is q prime?
True
Suppose -5*t + 4*w + 557 = 0, -2*w - 254 = -2*t - 32. Let a(u) = -3*u - 3*u + t + 3*u + 4*u. Is a(0) prime?
True
Suppose -86 - 31 = -3*j. Suppose 3*t - j + 12 = 0. Let r = 6 + t. Is r a prime number?
False
Suppose 5*w - 25 = 0, 4*k - 36 = 3*w + 97. Suppose -18 = -i + k. Is i prime?
False
Is -3 - (-3 - -73)*-32 a prime number?
True
Suppose -c + 111 = -10. Is c a prime number?
False
Suppose -v + 3*z = -1408, 2106 + 2100 = 3*v - 3*z. Is v a prime number?
True
Let l(m) be the first derivative of m**4/4 + 2*m**3 + 5*m**2/2 + 3*m + 1. Is l(-5) a prime number?
True
Let i(q) = -2*q**2 + 8*q + 2. Let a be i(-10). Is (-2)/(-8) + a/(-8) a composite number?
True
Is (-5)/(-10) + (-101)/(-2) prime?
False
Let f be 6/(-27) + 5005/45. Let s be (-2)/(1*2)*6. Is s/(-9)*f/2 composite?
False
Let d = -6 - -7. Suppose d = 3*z - 14. Suppose p = -z*y + 17, 2*p - p - 29 = -2*y. Is p composite?
False
Let w(a) = -a**3 - 3*a**2 - 3*a. Let f be w(-2). Suppose 7*c - 111 = 4*c. Suppose h + f*s = 37, h - c = s + 3*s. Is h a composite number?
False
Let g be 5/10 - 1/2. Suppose g = -2*b + 6*b. Suppose b = h - 4*f + 13, 0*h = 5*h - 5*f + 5. Is h a composite number?
False
Let z be (5 - 8)*(-61 - 0). Suppose -d + 77 + 94 = 5*c, -5*c + 2*d = -z. Is c a composite number?
True
Let f = 6 + -10. Let h be (f - -3)/((-1)/159). Is (2 + 0)*h/6 a composite number?
False
Let h(y) be the third derivative of y**5/60 + y**3/6 - 3*y**2. Let i be h(-1). Is (-1 - i/(-3))*-111 a composite number?
False
Suppose 10040 = 8*k - 0*k. Is k composite?
True
Suppose 0 = j - 6 - 80. Let w be 4 - (-2 + 9/3). Suppose -w*p + 2*d + 149 = 0, p - 3*p + 4*d + j = 0. Is p a composite number?
False
Suppose 3*p - 4828 = 2*x - 629, 4*x + 4 = 0. Is p prime?
True
Suppose 15 = 6*x - x. Suppose 4*a - 165 = x*r, -4*r - 2 - 23 = -a. Let f = 80 - a. Is f a prime number?
False
Suppose 4*k = 3*k + 4. Suppose k*r = -x + 3*r + 62, -4*x + 248 = 2*r. Let w = x + -28. Is w a prime number?
False
Suppose -4*d + 4 = -2*k, -2*d + 5*k = -7*d - 10. Suppose -3*t + t + 226 = d. Is t a prime number?
True
Let b(p) = p**3 + 3*p**2 + 7*p + 4. Let w be b(-6). Is 2/4 - w/4 prime?
True
Let u(z) = 5*z + z + 9 - 8. Is u(6) a composite number?
False
Let y(v) be the third derivative of 31*v**6/10 + v**5/30 - v**3/6 + 3*v**2. Is y(1) prime?
True
Let h(d) = -d**2 - 4*d - 7. Let f be h(-8). Is -2*(f/6 + 0) a composite number?
False
Suppose -3*m + 0*m + 283 = -5*j, -3*m + 115 = -2*j. Let f(w) = w**3 + w**2 - 5*w - 5. Let x be f(-4). Let l = x - j. Is l composite?
False
Let f(z) = -17*z**3 - 8*z**3 + 0*z - 2*z - 1 - z**2. Let b be f(-1). Suppose i - b = 52. Is i prime?
False
Let h(q) be the second derivative of q**5/10 - q**4/3 - q**3/3 + q**2 - q. Is h(3) composite?
True
Let j = -19 + 128. Is j a composite number?
False
Suppose 2*k - k = 3*i - 4, -4 = k + 5*i. Let b(f) = 16*f**2 - 2*f - 2. Is b(k) a composite number?
True
Let k be (-4)/6 - 18/(-27). Is (-5 + k)/(2/(-58)) a prime number?
False
Let o(a) = 62*a**3 + 1. Is o(2) a composite number?
True
Let y be 2 - -2 - (-20)/(-5). Let q = 3 + 0. Suppose y = q*s - 6*s + 447. Is s a prime number?
True
Let u(d) = d**3 + 14*d**2 + 10*d. Let j be u(-13). Suppose 3*t + j = 420. Is t prime?
True
Suppose 2*y + 2*y = 8. Suppose -4 = -2*n, y*v + 0 - 8 = -2*n. Suppose -v*c = 3*c - 185. Is c a composite number?
False
Let x be (-4)/6 + (-1)/3. Let v be (0/x)/(-3) + 0. Let o = 2 - v. Is o a prime number?
True
Let c(t) = 11*t**3 + 3*t**2 - 6*t. Let k be c(4). Suppose 4*g = -5*v + 1873, 4*g = 3*v - k - 415. Is v prime?
False
Suppose 15*n - 935 = 4*n. Is n prime?
False
Let v = -983 - -1650. Is v a prime number?
False
Let w(t) = 7*t**3 - 9*t**2 + 6*t - 1. Is w(6) a composite number?
False
Suppose -3*p + 134 = -421. Is p prime?
False
Is ((-28)/16*-2)/(4/248) prime?
False
Suppose -y + 18 = -2*y - 4*v, 0 = -5*y + 5*v + 35. Suppose 4*l = y*l + 8. Suppose -149 = -l*o + 119. Is o a composite number?
False
Suppose 3*s = 2*s. Suppose 0*m - 3*m + 744 = s. Suppose 5*j + 2*l - 569 = 0, -l + m = 3*j - 94. Is j a composite number?
True
Let d = -990 - -1878. Suppose 3*y + 975 = 2484. Suppose 3*p + 5*t = y, -4*t + d = 5*p + 67. Is p a prime number?
False
Suppose 5*w = 2*r + 237, -93 = -2*w + r - 2*r. Suppose -l - 2*q - 194 = -5*l, l - w = 2*q. Is l a prime number?
False
Let x = -160 + 283. Suppose 2*q + 25 = x. Is q a prime number?
False
Let d(x) be the third derivative of x**6/120 - 7*x**5/60 + x**4/8 - x**3/3 + 2*x**2. Suppose 6 = 3*q - 5*y, -q - y = -6 - 4. Is d(q) a composite number?
False
Suppose 5*k + 5 = 0, 2*f = -3*f + 5*k + 80. Suppose -3*c - f = 9. Is (-22)/c*(-4 + 32) a prime number?
False
Let s(m) be the third derivative of -m**4/3 - 7*m**3/6 + m**2. Let w be s(-5). Suppose -5*f = -3*h + 60, 27 = 5*h + 5*f - w. Is h a composite number?
True
Let u = 42 + -19. Is (u/1)/(3/3) a prime number?
True
Suppose -u + 287 + 386 = 0. Is u a prime number?
True
Let i = -1230 - -1892. Is (i/(-4))/((-15)/30) composite?
False
Is (-1)/(1 + 14/(-13)) composite?
False
Is 2/(-4)*(-1 + -381) a prime number?
True
Let y = 5 - 2. Suppose 2*l - 2*m - 884 = 3*m, 1305 = 3*l + y*m. Suppose 2*h = -4*v + 334, -2*v + 4*h + l = 3*v. Is v composite?
True
Let a be (-48)/(-10) + (-4)/(-20). Suppose -1265 = -a*h - 4*y, -h = -3*h - 3*y + 513. Let w = h - 92. Is w composite?
False
Let t be (8 + 2)*(-152)/10. Let z = 79 + t. Let n = -4 - z. Is n a prime number?
False
Suppose 4*y + 2*k - 5403 - 1811 = 0, 10 = 2*k. Is y prime?
True
Let r be (-1)/7*-6*7. Let w = -3 + r. Suppose 2*t + w*t - 75 = 0. Is t prime?
False
Let h(i) = i - 6. Let a be h(6). Suppose -3*r = -c + 211, a = -5*c + 2*r - r + 1027. Is c composite?
True
Suppose -b = 2*b - 921. Is b a prime number?
True
Let v(c) = -c**3 - c**2 + c - 1. Let s(n) = 5*n**3 - 5*n**2 - 16*n + 15. Let m(k) = -s(k) - 4*v(k). Is m(10) prime?
False
Let f(u) = -26*u + 4. Let t be f(-6). Suppose 197 = 5*i + 732. Let n = t + i. Is n a prime number?
True
Let d(w) = -3*w + 3. Suppose -1 = -5*k + 14. Let h be d(k). Is (-9)/6*388/h a prime number?
True
Let v = 356 + -101. Suppose -4*x = -x - v. Is x a prime number?
False
Let a = 581 + -288. Is a prime?
True
Suppose c + 3*i = -2*c + 2712, 0 = -3*c + 3*i + 2682. Is c composite?
True
Let n(k) = -9*k + 1. Let z be n(-1). Is (z/(-20))/((-2)/28) composite?
False
Let p(j) = -6*j + 7. Is p(-5) a prime number?
True
Let s(c) be the second derivative of 55*c**3/6 - c**2 + 4*c. Let t(d) = -164*d + 5. Let a(x) = -8*s(x) - 3*t(x). Is a(1) a composite number?
False
Let g(c) = 10*c**2 + 15*c + 11. Let f(k) = k**2 - k - 1. Let m(i) = 6*i**2 + 6*i + 4. Let v(b) = f(b) - m(b). Let p(t) = -4*g(t) - 9*v(t). Is p(-4) prime?
False
Let i = 3 - -11. Suppose 3*p - 12 = -3*y, -3*p = 3*y + p - i. Suppose 0 = -2*o - y*o + 236. Is o composite?
False
Let f(o) = -o**2 - 6*o - 2*o**2 + 2*o**3 + 1 - o**3. Let n be f(6). Suppose n = 3*x + 16. Is x prime?
True
Suppose 2*l = 4*l. Let b be (-2 - -167) + (0 - 0). Suppose a - 4 = l, 3*j - 6*j + b = -3*a. Is j a prime number?
True
Let g(s) be the third derivative of 